ime factors of u.
2
What are the prime factors of (-1 - -2)/(5/105)?
3, 7
Suppose 2*f - 5*f = -15. Suppose 2*w = -f*m - 14 + 66, 4*w - 32 = -4*m. What are the prime factors of (-202)/(-22) - m/66?
3
Let i = -8 - -11. Suppose 3*m = -i, 0 = 3*x + 5*m - 66 - 4. List the prime factors of x.
5
Suppose 0 = -6*p + p + 15, 0 = 2*t - p + 11. Let i = t - -6. List the prime factors of (-49)/7*(1 - i).
7
Suppose -6*b - 71 = -7*b. List the prime factors of b.
71
Let r = 18 + -6. What are the prime factors of r?
2, 3
Suppose 3*l = 0, 4*f = -0*f + 3*l + 264. What are the prime factors of f?
2, 3, 11
Suppose 5*p = p + 84. Suppose -27 = -4*u + p. List the prime factors of u.
2, 3
Let w be (12/(-8))/((-3)/(-6)). Let n = 12 - w. List the prime factors of n.
3, 5
Let z(b) = b**2 + b + 36. Let t be z(0). Suppose 4*y + 16 = 4*d, -d = 5*y - 2*y - 4. Suppose y = 2*g + g - t. List the prime factors of g.
2, 3
Let x be (45/3)/((-9)/(-6)). Let i be 4/14 + 12/7. Suppose w - n + x = 24, i*w - 25 = -n. List the prime factors of w.
13
Suppose 8*x - 5*x + 18 = 0. What are the prime factors of (-8)/x*(6 + 39)?
2, 3, 5
Let d be 3 - ((-6)/2 - -4). Suppose -2*q = d*q - 12. Suppose q*g + 10 = 4*g. List the prime factors of g.
2, 5
Let j(h) = h + 4. Let c be j(-6). Let o be 10/(c - (0 - 4)). Suppose 15 = -4*z - 3*y + 51, -26 = -o*z + y. What are the prime factors of z?
2, 3
Let q(l) = 9*l**2 + 24*l - 2. What are the prime factors of q(-5)?
103
Suppose 7*i = 2*i + 175. List the prime factors of i.
5, 7
Let c(p) = p**3 + 3*p**2 - p + 3. Let n be c(-4). Let v = 59 + n. Suppose -w - 4*w = -v. What are the prime factors of w?
2, 5
Suppose 2*y + 5*m = -535, 5*y - 4*m + 837 = 2*y. What are the prime factors of 2/(-7) + y/(-7)?
3, 13
Let k(r) be the third derivative of r**4/6 + r**3/3 + 4*r**2. List the prime factors of k(6).
2, 13
Let j = 261 - -75. What are the prime factors of j?
2, 3, 7
Let m be 68/6 + 4/6. Suppose 29 - 9 = -4*j. Let v = m + j. What are the prime factors of v?
7
Suppose -22*b = -19*b - 108. List the prime factors of b.
2, 3
Let x = 2 + -2. Suppose -b + 2*b = x. Suppose 2*s + b = 12. What are the prime factors of s?
2, 3
Let f be 3/1 + (-3 - -3). Suppose -f*v + 39 = 3*h, -21 = -3*v + 3*h - 0. What are the prime factors of v?
2, 5
Suppose -59 = -4*z + 73. What are the prime factors of z?
3, 11
Let x(h) = h**3 + 5*h**2 - h + 6. Let t be x(-6). What are the prime factors of (t/10)/(2/(-10))?
2, 3
Suppose -w - a + 4 = 33, -5*w = -5*a + 125. Let u be (w/1)/((-3)/(-2)). List the prime factors of 4/u + (-110)/(-9).
2, 3
Let a(n) = -n**3 - n**2 - n + 11. Suppose -4 - 4 = 4*y. Let b be (0/2)/(6/y). List the prime factors of a(b).
11
Let q = 162 - 76. List the prime factors of q.
2, 43
Let r = -1 - 5. What are the prime factors of (-2)/(-14)*r*-21?
2, 3
Let q = 29 + -4. Suppose 0 = 2*z + 3*z - q. Suppose 0 = -0*u - z*u + 45. List the prime factors of u.
3
Suppose 4*w = 4*m + 8*w - 68, 3*w + 96 = 4*m. Suppose 2*f = m + 1. What are the prime factors of f?
11
Let u be -6*(-1)/((-3)/(-4)). What are the prime factors of u/(-1)*35/(-14)?
2, 5
Suppose 4*d = -0*d + 16. List the prime factors of d.
2
Let x(i) = 0*i + 5 + 5*i - 1 - 1. List the prime factors of x(3).
2, 3
Let a(n) = 2*n**3 - 9*n**2 + n + 10. List the prime factors of a(6).
2, 31
What are the prime factors of 2/(-10) + (-164)/(-20)?
2
Let o(d) = 5*d - 6. Suppose 3*p - 5*r = 4*p - 15, 2*p = -3*r + 16. List the prime factors of o(p).
19
Let i(s) = s**2 + 5*s + 9. Let v be i(-9). What are the prime factors of (-4)/18 - (-730)/v?
2
Let c(s) = -4*s + 4. Let t = -3 - -6. Suppose 0 = -2*q + q + t*a + 6, -3 = 2*q - a. List the prime factors of c(q).
2
Let a = -382 + 622. What are the prime factors of a?
2, 3, 5
Let m(z) = -1. Let u(k) = -k**2 + k - 2. Let s(i) = 4*m(i) - 2*u(i). List the prime factors of s(-2).
2, 3
Let m = -26 - -61. What are the prime factors of m?
5, 7
Suppose -c + 30 = 4*c. Let d = 12 - c. List the prime factors of d.
2, 3
Suppose 218 = 3*n + b, 2*b = -2*n + b + 145. What are the prime factors of n?
73
Let h be 2 - -2*1/(-2). Let j(d) = -73*d - 1. Let q be j(h). List the prime factors of (-6)/21 - q/14.
5
Suppose 2*a - 45 = -a. Let y = a - 7. List the prime factors of y.
2
What are the prime factors of 489/12 + 6/(-8)?
2, 5
Suppose -3*m + 7 = 2*n, -2*n = 3*m + 2*m - 9. Suppose 24 = 4*s + 4*r, 5*s - 15 - m = 2*r. Suppose -60 = -s*g - g. List the prime factors of g.
2, 3
Let r(q) = -6*q + 0*q - 2 - 2*q + 3. What are the prime factors of r(-3)?
5
Suppose 3*v = 5*y - 17, -3 - 11 = -3*y - 2*v. Suppose y*r + 8 = -0. Let z(k) = 3*k**2 + k - 1. What are the prime factors of z(r)?
3
Let o(t) = 2*t + 38. What are the prime factors of o(-16)?
2, 3
Let k(w) = -w**3 - 9*w**2 - w - 7. Suppose -2*a = -2*t - 12, -2*t = -3*a + 18 - 2. Let b = t - 7. What are the prime factors of k(b)?
2
Let s be ((-1)/2)/((-2)/(-12)). Let i = -1 - s. Suppose 3*r = i*g + 10, 3*r + g - 5 = -1. List the prime factors of r.
2
Let u(i) = 67*i**3 - i**2 + i - 1. Let a be u(1). What are the prime factors of 780/a + 2/11?
2, 3
Let c be 108/30*10/2. Suppose -27 - c = -5*w. What are the prime factors of w?
3
Suppose 53 = s - 26. List the prime factors of s.
79
Suppose -5 = -5*l + 5*r, -3*l = -6*l - 3*r - 15. Let u be (l/3)/(2/18). List the prime factors of (2/u)/1*-45.
3, 5
Suppose 0 = 4*s - 14 + 6. Suppose 8 = 2*p, -s*o - 6 + 28 = -3*p. List the prime factors of o.
17
Let k be (-100)/(-3)*(5 + -2). Suppose 4*u - 4*o = 136, 3*u + 4*o - 6*o = k. What are the prime factors of u?
2
Let d(g) = 13*g. Let j be d(2). Suppose -2*f + j + 24 = -2*o, 5*o + 41 = f. What are the prime factors of f?
3, 7
Let o(l) = 12*l**2 - l + 1. Let x be o(1). Suppose 4*y - y = x. Suppose y*s + 0*s - 40 = 0. List the prime factors of s.
2, 5
Let o = 31 - 17. What are the prime factors of o?
2, 7
Let t(y) = y**2 + 4*y + 2. Let i be t(-4). Suppose 1 = i*u + 3. Let h(n) = -3*n. List the prime factors of h(u).
3
Let p = 244 + -171. What are the prime factors of p?
73
Let a(c) = -c - 3. Let p(b) = b + 3. Let s(g) = -2*a(g) - 3*p(g). List the prime factors of s(-10).
7
Suppose -4*x + 2*k = -0*x - 34, 53 = 5*x + k. Suppose j - x + 2 = 0. What are the prime factors of j?
2
Suppose -6*j + 715 = -j. List the prime factors of j.
11, 13
Let w = 32 - 26. List the prime factors of w.
2, 3
Let i(w) = -w**3 + 16*w**2 + 3*w + 22. List the prime factors of i(16).
2, 5, 7
Let n(a) = 6*a**2 - 5*a + 2. Let w be n(3). Suppose w = 2*h + 3. List the prime factors of h.
19
Let f = 21 - 14. List the prime factors of 28/(-6)*(-18)/f.
2, 3
Let h = -48 + 94. List the prime factors of h.
2, 23
Suppose 5*y - 2 = -2*o, 6*y + 32 = 4*o + 2*y. What are the prime factors of 2*((-45)/o)/(-5)?
3
Let p(g) = 181*g + 3. List the prime factors of p(1).
2, 23
Suppose 7*r - 130 = 2*r. What are the prime factors of r?
2, 13
Let a(k) be the third derivative of -k**4/6 - 5*k**3/6 + 5*k**2. What are the prime factors of a(-3)?
7
Let x(d) = -29*d**3 - d**2 + d + 1. List the prime factors of x(-1).
2, 7
Suppose -3*x - 93 = -4*b - 254, b + 109 = 2*x. What are the prime factors of x?
5, 11
Suppose -3*y - 5*o = y - 74, 0 = 3*y + 4*o - 56. What are the prime factors of y?
2
Suppose 2 = -3*f - 34. List the prime factors of 24*(3 - f/(-8)).
2, 3
Let z(h) be the second derivative of 4*h**3/3 + h**2 + h. What are the prime factors of z(2)?
2, 3
Let a(v) = v**3 - 2*v**2 - 3. Let f be a(3). Let m be (2/f)/(1/9). Suppose m*t - 2*t - 6 = 0. List the prime factors of t.
2, 3
What are the prime factors of (33/9)/(16/1392)?
11, 29
Suppose z + 2*z = 342. What are the prime factors of z?
2, 3, 19
Let c = 22 - 13. Let u(y) be the third derivative of y**4/12 - 11*y**3/6 + 5*y**2. What are the prime factors of u(c)?
7
Let c = -25 - -41. What are the prime factors of c?
2
Let f(o) = -o**2 + 11*o - 11. Let i be f(10). Let j = 42 + i. What are the prime factors of j?
41
Let f(d) = d**2 + 7 + 8 + 12*d - 6 - 4*d. Let p be f(-7). Suppose 20 = 3*o + p. What are the prime factors of o?
2, 3
Suppose 3*a - 3 = 3. Suppose -82 = -4*k - a*n, -k - k + 4*n + 46 = 0. What are the prime factors of k?
3, 7
Let y = -60 - -146. List the prime factors of y.
2, 43
List the prime factors of 1/((-6)/(-576)) - (-1 - 2).
3, 11
Suppose -d = -5*h + 12, -4*h + 5*d = 2*d - 1